
Suppose 18*m + 6950 = 68*m. List the prime factors of m.
139
Let z = 968 + -432. List the prime factors of z.
2, 67
Let c = 13 + -15. Let r be (c - -3)/(1/(-14)). What are the prime factors of 4/r + 254/7?
2, 3
Let j(p) = 63*p**2 - p + 12. What are the prime factors of j(5)?
2, 7, 113
Let w = 9 + 76. Let t = 132 - w. List the prime factors of t.
47
Let l = -9 - -8. What are the prime factors of 44*l/5*-5?
2, 11
Suppose 7*m + 0*m = -77. Let k = 17 - -6. Let h = m + k. What are the prime factors of h?
2, 3
Let g = -525 + 676. What are the prime factors of g?
151
Let i = 3421 + -1594. What are the prime factors of i?
3, 7, 29
Suppose 0 = -131*z + 135*z - 656. List the prime factors of z.
2, 41
Let f(b) = 35*b + 668. What are the prime factors of f(6)?
2, 439
Suppose 3*u + 84 = -2*k + 3*k, -4*u = -k + 82. Suppose 5*n + 60 = -k. List the prime factors of (172/10)/(n/(-75)).
43
Let w = -70 + 38. Let x(y) = -3*y - 4. Let h be x(2). Let u = h - w. List the prime factors of u.
2, 11
Suppose -13*p + 55*p = 25620. What are the prime factors of p?
2, 5, 61
Let x be (-2)/((-1)/3*2). Suppose -2*m - x = -3*m. Suppose -l - 5*d + 32 = m*l, 2*l + d = 22. List the prime factors of l.
13
Suppose -5*k - 2*r = -922, 0 = -2*k - 5*r + 86 + 287. What are the prime factors of k?
2, 23
List the prime factors of ((-4)/(-3))/(6/5274).
2, 293
Suppose -39 = -2*l + 2*s + 107, -5*l - 5*s + 355 = 0. Suppose -r + 74 = -2*c - l, 3*r + 4*c = 408. List the prime factors of r.
2, 5, 7
Let a(w) = 7*w - 6. Let v be a(3). Suppose 5*j - 66 = -5*g + 2*g, v = -5*g. What are the prime factors of j?
3, 5
Suppose -6 = -13*m + 7. Let z = 13 - 8. Suppose z*v + m = l, l + 2*v = -4*l + 113. What are the prime factors of l?
3, 7
Let c(g) = 4*g - 20. Let b be c(7). Let q(v) = 13*v - 20. What are the prime factors of q(b)?
2, 3, 7
Suppose -w + 5*q = -5*w + 57, -19 = -3*w + q. What are the prime factors of (2 + w/(-6))*120?
2, 5
Let z(c) = -c**3 + 5*c**2 + 6*c + 3. Let x = 10 + -4. Let b be z(x). List the prime factors of b/(1 - 2) - -24.
3, 7
Let p be 3/(-2)*(-848)/(-24). Let o = p + 98. List the prime factors of o.
3, 5
Suppose 1511 = 5*t - 2049. List the prime factors of t.
2, 89
Suppose 10*d = 9865 + 3205. List the prime factors of d.
1307
Suppose -3*q = -4*q - 236. Let l = q + 398. Suppose 3*c = y + l, -y - y - 59 = -c. List the prime factors of c.
53
Let v(t) = -t**2 + 5*t - 3. Let b be v(4). Let w be (0 - b)*3*-1. Suppose -w*s + 42 = -s. What are the prime factors of s?
3, 7
Suppose -4*a = 3*c + 22, -10 = 2*a - 2*c + 3*c. Let v = 38 + a. List the prime factors of 2/(-5) - v/(-10).
3
Let u(r) = r. Let x be u(14). Suppose -t + 0*f + 4 = -3*f, 3*f + x = 2*t. What are the prime factors of t?
2, 5
Let t = 8 - 1. Suppose 5*o + 2*p = 261, 3*o + 216 = t*o - 2*p. List the prime factors of o.
53
Let m = -137 - -135. Suppose -3*k = 2*k - 245. What are the prime factors of m/14 + 1722/k?
5, 7
Suppose -14*w + 16*w - 1988 = -4*c, -w - 3*c + 997 = 0. What are the prime factors of w?
2, 13, 19
Let b(a) = -60*a**3 + 8*a**2 + 21*a + 4. What are the prime factors of b(-3)?
23, 71
Let v be -4 + -5 + 5 - -6. Suppose 5*x = -3*h + 616, -5*x = -v*h + 192 + 177. What are the prime factors of h?
197
Suppose -4*p + 35 = -41. Suppose 0 = -0*j + j - p. List the prime factors of j.
19
Let a be 11 + (-1 - (0 + 3)). Suppose -i + 76 - a = 0. List the prime factors of i.
3, 23
Let i(n) = 17*n**2 + n + 1. Let w be i(-1). Suppose -6*k + w + 139 = 0. List the prime factors of k.
2, 13
Suppose c + 3 = 0, -3*k + 1539 = 5*c - 2859. What are the prime factors of k?
1471
Suppose 3*y + 5*c - 361 = 104, -y + 155 = -c. What are the prime factors of y?
5, 31
Let i = 27 + -47. Suppose -9*x = x - 500. Let h = i + x. List the prime factors of h.
2, 3, 5
Let w(j) = -j**3 + 20*j**2 - 22*j - 13. What are the prime factors of w(17)?
2, 3, 5
Let f(m) = m**2 + m + 15. Suppose 36*q - 38*q - 14 = 0. What are the prime factors of f(q)?
3, 19
Let f(y) be the first derivative of -3*y**4/4 + y**3/3 - 5*y - 10. List the prime factors of f(-2).
23
Let f(o) = 15*o**2 + 5*o + 0*o - 2 - 2*o - o. What are the prime factors of f(-2)?
2, 3
Suppose 3489*l = 3485*l + 6776. List the prime factors of l.
2, 7, 11
Let g(s) = s + 14. Let v be g(-4). What are the prime factors of 1/1*(v + 19)?
29
Let q(c) = -445*c**3 - 12*c + 446*c**3 - 12*c**2 + 2 + 7. List the prime factors of q(13).
2, 11
Suppose 5*r + 1617 = -5*h + 9*h, r = 2*h - 807. List the prime factors of h.
13, 31
Let t = -794 - -1326. List the prime factors of t.
2, 7, 19
Suppose 0 = 2*t + 4*w, 2*w + 24 = -5*t + t. Let k be (-111)/(-24) - 3/t. Suppose 3*z - 2*h - 34 = 0, k*z = -4*h + 45 + 19. List the prime factors of z.
2, 3
Let a = 1989 + -1398. What are the prime factors of a?
3, 197
Suppose -4*a - 206 = -h, h - 200 = 5*a + 4. List the prime factors of h.
2, 107
Suppose 0 = 4*o + 44 - 564. Let r be 22/4 + 1/(-2). Suppose m - 4*h - o = -m, r*m - 314 = -h. What are the prime factors of m?
3, 7
Suppose 30 = 3*p - 2*x, 4*p + 5*x - x - 20 = 0. Suppose -p*t + 40 = -3*t. Suppose -t*q + 3*q = -230. List the prime factors of q.
2, 23
Let j(g) = g + 21. Let k be j(-17). Suppose k*t = -0*t - 176. Let s = t + 62. List the prime factors of s.
2, 3
Let c = 380 + -203. Suppose 0*b = 4*b + 2*l - 366, -2*b = -l - c. What are the prime factors of b?
2, 3, 5
Let v(o) = o**2 - 8*o - 44. List the prime factors of v(-22).
2, 7, 11
Let m(o) be the second derivative of 3*o**3 - 9*o**2 - 18*o. List the prime factors of m(5).
2, 3
Let r be (6/(-2))/(10/(-20)). Suppose -r*b + 51 = -99. List the prime factors of b.
5
Suppose -3*p = y - 872, -2*p = 2*p + 12. List the prime factors of y.
881
Suppose -5*i + 294 = 3514. What are the prime factors of (-6)/27 + i/(-63)?
2, 5
Suppose b - 653 = 3*a, 5*b - 4*a - 3293 = -3*a. What are the prime factors of b?
659
Let r(l) = 22*l**2 + 2*l - 2. Let y be r(-4). Suppose -2*n - 4*n - y = 0. What are the prime factors of (-4)/(-2)*-2 - n?
53
Let k be ((-1442)/56)/((-1)/4). Suppose 0 = -6*v + k - 1. What are the prime factors of v?
17
Let j = -1949 + 4843. What are the prime factors of j?
2, 1447
Let u = -5 - -6. Let i = 4 + u. Suppose -3*d - i*h + 52 = 0, 6*h = 4*d + h - 11. What are the prime factors of d?
3
Suppose -687*n = -662*n - 40475. What are the prime factors of n?
1619
Let p = 1040 + 579. What are the prime factors of p?
1619
Suppose -28*c + 27*c + 81 = 0. What are the prime factors of c?
3
Let c be (-4)/3 + 2/6. Let b be (c - 8)*-2 + 0. Suppose i - 26 = b. List the prime factors of i.
2, 11
Suppose -y - 4*z = 17 + 2, -5*z + 76 = -4*y. Let c(x) = -x - 11. Let b be c(-4). Let r = b - y. List the prime factors of r.
2, 3
Let a = 3490 + -2440. List the prime factors of a.
2, 3, 5, 7
What are the prime factors of (2 - (-40)/(-18)) + (-30248)/(-36)?
2, 3, 5, 7
List the prime factors of -15*((-10)/(-35) + 850/(-35)).
2, 3, 5
Let b be ((-2)/(-6))/(3/9). Suppose -9*g + 5*g = 12. What are the prime factors of b - 0 - (g - 6)?
2, 5
Let g = 102 + 55. List the prime factors of g.
157
Let x(m) = -30*m - 105. What are the prime factors of x(-14)?
3, 5, 7
Suppose 164*z = 163*z + 1530. What are the prime factors of z?
2, 3, 5, 17
Suppose 25*k + 101760 = 73*k. List the prime factors of k.
2, 5, 53
List the prime factors of (5 - (-53)/(-11)) + 8666/11.
2, 197
List the prime factors of (-1)/(1 + -2)*124.
2, 31
Let p = -708 - -1180. What are the prime factors of p?
2, 59
List the prime factors of ((-132)/16 + 6)/(9/(-15648)).
2, 3, 163
Suppose -2*q - q = -9. Let t(b) = -b - 7. Let c be t(-7). Suppose 5*r + q*r - 200 = c. List the prime factors of r.
5
List the prime factors of (-58248)/(-15) + (-195)/(-25) + -8.
11, 353
Let k be 5*(-3)/(-9)*3. Let z(m) = -m**2 - 5*m. Let w be z(-2). Suppose 3*u - k*q - 51 = 0, 3*u - w*u = -4*q - 48. What are the prime factors of u?
2, 3
Let i be 1*(5 - 4) - -36. Let p(m) = -m**3 + 2*m**2 - 4. Let r be p(3). Let x = r + i. What are the prime factors of x?
2, 3
Let y be (-42)/(-10) - (-12)/15. Suppose f - 1325 = 7*o - 2*o, 4*f - 1310 = y*o. List the prime factors of (o/(-28))/(1/4).
2, 19
Let o(v) = -v**2 + 4. Let x be o(0). Suppose 0*k - x*k = -76. Let r = -2 + k. What are the prime factors of r?
17
What are the prime factors of ((-4)/10)/(0 - 13/6695)?
2, 103
Suppose 